{"id":7,"date":"2011-11-24T23:12:35","date_gmt":"2011-11-24T23:12:35","guid":{"rendered":"http:\/\/rigg.is\/demo\/?page_id=3"},"modified":"2011-11-24T23:12:35","modified_gmt":"2011-11-24T23:12:35","slug":"listamenn","status":"publish","type":"page","link":"https:\/\/www.rigg.is\/index.php\/listamenn\/","title":{"rendered":"\u00datg\u00e1fur"},"content":{"rendered":"<p>THIS IS MY LIFE &#8211; EUROBANDI\u00d0<\/p>\n<p>Geislaplatan kom \u00fat \u00ed tengslum vi\u00f0 \u00fe\u00e1ttt\u00f6ku Eurobandsins \u00ed S\u00f6ngvakeppni Sj\u00f3nvarpssins en Eurobandi\u00f0 n\u00e1\u00f0i \u00feeim gl\u00e6silega \u00e1rangri a\u00f0 komast fyrst \u00edslenskra \u00fe\u00e1tttakenda upp \u00far undankeppninni. Platan inniheldur fyrir utan smellinn This is my life l\u00f6g eins og A ba ni bi, Hold me now, Eldur og \u00de\u00e9r vi\u00f0 hli\u00f0 og fl. fr\u00e1b\u00e6r Eurovision l\u00f6g.<\/p>\n<p>\u00cd MINNINGU VILHJ\u00c1LMS VILHJ\u00c1LMSSONAR<br \/>\nT\u00f3nleikaupptaka fr\u00e1 Salnum \u00ed K\u00f3pavogi<br \/>\n28. mars 2008<br \/>\nRIGG002<\/p>\n<p>\u00deann 28. mars 2008 voru 30 \u00e1r li\u00f0in fr\u00e1 \u00fev\u00ed einn \u00e1sts\u00e6lasti s\u00f6ngvari \u00fej\u00f3\u00f0arinnar, Vilhj\u00e1lmur Vilhj\u00e1lmsson f\u00e9ll fr\u00e1. Af \u00feessu tilefni st\u00f3\u00f0 Rigg fyrir t\u00f3nleikum \u00ed Salnum \u00ed K\u00f3pavogi sem \u00ed upphafi \u00e1ttu a\u00f0 vera a\u00f0eins einir en ur\u00f0u sex og h\u00e6tt var fyrir fullu h\u00fasi. T\u00f3nleikarnir t\u00f3kust me\u00f0 afbrig\u00f0um vel, meira a\u00f0 segja svo vel a\u00f0 ekki var sunginn inn einn einasti t\u00f3nn e\u00f0a leikinn aftur fyrir \u00fatg\u00e1fu \u00feessarar lifandi geislapl\u00f6tu af t\u00f3nleikunum. S\u00f6ngvararnir Fri\u00f0rik \u00d3mar, P\u00e1lmi Gunnarsson, Stef\u00e1n Hilmarsson og Gu\u00f0r\u00fan Gunnarsd\u00f3ttir lj\u00e1 l\u00f6gunum raddir s\u00ednar me\u00f0 miklum \u00e1g\u00e6tum.<\/p>\n","protected":false},"excerpt":{"rendered":"<p>THIS IS MY LIFE &#8211; EUROBANDI\u00d0 Geislaplatan kom \u00fat \u00ed tengslum vi\u00f0 \u00fe\u00e1ttt\u00f6ku Eurobandsins \u00ed S\u00f6ngvakeppni Sj\u00f3nvarpssins en Eurobandi\u00f0 n\u00e1\u00f0i \u00feeim gl\u00e6silega \u00e1rangri a\u00f0 komast fyrst \u00edslenskra \u00fe\u00e1tttakenda upp \u00far undankeppninni. Platan inniheldur fyrir utan smellinn This is my life &hellip; <a href=\"https:\/\/www.rigg.is\/index.php\/listamenn\/\"><\/a><\/p>\n","protected":false},"author":3,"featured_media":0,"parent":0,"menu_order":1,"comment_status":"open","ping_status":"closed","template":"","meta":{"footnotes":""},"class_list":["post-7","page","type-page","status-publish","hentry"],"_links":{"self":[{"href":"https:\/\/www.rigg.is\/index.php\/wp-json\/wp\/v2\/pages\/7","targetHints":{"allow":["GET"]}}],"collection":[{"href":"https:\/\/www.rigg.is\/index.php\/wp-json\/wp\/v2\/pages"}],"about":[{"href":"https:\/\/www.rigg.is\/index.php\/wp-json\/wp\/v2\/types\/page"}],"author":[{"embeddable":true,"href":"https:\/\/www.rigg.is\/index.php\/wp-json\/wp\/v2\/users\/3"}],"replies":[{"embeddable":true,"href":"https:\/\/www.rigg.is\/index.php\/wp-json\/wp\/v2\/comments?post=7"}],"version-history":[{"count":0,"href":"https:\/\/www.rigg.is\/index.php\/wp-json\/wp\/v2\/pages\/7\/revisions"}],"wp:attachment":[{"href":"https:\/\/www.rigg.is\/index.php\/wp-json\/wp\/v2\/media?parent=7"}],"curies":[{"name":"wp","href":"https:\/\/api.w.org\/{rel}","templated":true}]}}